is the greatest common divisor of 1971 and 173521?
73
Calculate the greatest common divisor of 13950594 and 18.
18
Calculate the highest common divisor of 39693 and 202.
101
What is the highest common divisor of 352 and 2932?
4
What is the greatest common divisor of 1164 and 21516?
12
What is the greatest common factor of 24225 and 595?
85
Calculate the highest common divisor of 1015 and 107135.
35
Calculate the highest common factor of 3009 and 12390.
177
Calculate the highest common factor of 15019 and 404207.
653
Calculate the greatest common divisor of 573 and 57.
3
Calculate the highest common divisor of 50112 and 216.
216
Calculate the greatest common factor of 1055 and 20.
5
Calculate the greatest common factor of 2288 and 559.
13
What is the greatest common divisor of 446 and 958454?
446
What is the highest common divisor of 10921 and 1139?
67
What is the highest common divisor of 378 and 253442?
14
Calculate the highest common divisor of 10471 and 333.
37
What is the greatest common factor of 380 and 589950?
190
Calculate the greatest common divisor of 17181 and 332.
83
What is the highest common factor of 597903 and 697?
41
Calculate the greatest common factor of 88531 and 57757.
223
What is the greatest common divisor of 1622230 and 620?
310
Calculate the greatest common divisor of 78762 and 24.
6
What is the highest common factor of 6055 and 1333311?
1211
Calculate the greatest common factor of 82394 and 962.
26
What is the highest common divisor of 19416 and 168?
24
Calculate the highest common factor of 164 and 724.
4
Calculate the greatest common divisor of 1825 and 87235.
365
Calculate the greatest common factor of 290 and 1445.
5
Calculate the greatest common factor of 537551 and 861.
287
Calculate the highest common factor of 782 and 4998.
34
Calculate the greatest common divisor of 6825 and 84.
21
Calculate the greatest common factor of 3663 and 28017.
99
What is the highest common divisor of 559 and 344?
43
What is the greatest common factor of 1133 and 5793029?
1133
Calculate the highest common factor of 253 and 803.
11
What is the greatest common factor of 6 and 46275?
3
What is the greatest common divisor of 3127 and 13334?
59
What is the highest common divisor of 176 and 110308?
44
What is the greatest common factor of 7710 and 285?
15
Calculate the highest common factor of 27508 and 38740.
52
What is the greatest common factor of 2046 and 78342?
66
What is the highest common factor of 1393545 and 120?
15
Calculate the highest common divisor of 558 and 6014.
62
What is the greatest common divisor of 245504 and 7?
7
What is the greatest common divisor of 233240 and 40?
40
Calculate the greatest common divisor of 38475 and 1125.
225
Calculate the highest common divisor of 2295 and 952.
17
Calculate the highest common divisor of 814635 and 120.
15
What is the highest common divisor of 357124 and 152?
76
What is the greatest common divisor of 56917 and 1316?
329
Calculate the greatest common divisor of 50 and 5990.
10
Calculate the greatest common divisor of 62676 and 72.
36
Calculate the greatest common divisor of 437206 and 1904.
238
What is the greatest common divisor of 344864 and 16?
16
Calculate the highest common divisor of 16675 and 368.
23
What is the highest common divisor of 15 and 1563?
3
Calculate the highest common divisor of 260 and 2012.
4
Calculate the highest common factor of 912 and 8854.
38
What is the greatest common factor of 6109 and 149?
149
Calculate the greatest common factor of 118427 and 1357.
23
What is the highest common factor of 87824 and 1672?
88
Calculate the greatest common factor of 42 and 1968.
6
Calculate the greatest common divisor of 41971 and 38.
19
Calculate the greatest common factor of 2747 and 43483.
67
What is the highest common divisor of 7980 and 395580?
1140
Calculate the highest common divisor of 9831 and 348.
87
Calculate the highest common divisor of 240690 and 4118.
142
Calculate the highest common divisor of 534898 and 910.
182
What is the highest common divisor of 82 and 898?
2
Calculate the highest common divisor of 555358 and 966.
46
What is the greatest common factor of 31 and 29171?
31
What is the greatest common divisor of 20 and 427670?
10
What is the highest common divisor of 974972 and 284?
284
Calculate the highest common factor of 1006 and 1438.
2
What is the highest common divisor of 589868 and 7772?
268
Calculate the greatest common factor of 384 and 756384.
96
Calculate the highest common divisor of 220 and 12680.
20
Calculate the highest common divisor of 13 and 765453.
13
Calculate the greatest common factor of 1012 and 316250.
506
What is the greatest common divisor of 210 and 6299790?
210
What is the greatest common divisor of 598 and 1313?
13
Calculate the greatest common divisor of 548 and 316.
4
What is the highest common divisor of 647850 and 1400?
350
What is the greatest common factor of 752 and 11045?
47
Calculate the greatest common divisor of 120355 and 10.
5
Calculate the greatest common factor of 4794 and 408.
102
Calculate the highest common factor of 784 and 64.
16
What is the highest common factor of 72 and 481848?
24
Calculate the highest common factor of 269620 and 549.
61
Calculate the greatest common factor of 3061938 and 22.
22
What is the greatest common divisor of 1544 and 8432?
8
Calculate the highest common factor of 1224 and 70584.
408
Calculate the highest common divisor of 175 and 651350.
175
What is the greatest common divisor of 669 and 123?
3
Calculate the highest common divisor of 368 and 35535.
23
Calculate the highest common factor of 163606 and 66722.
914
Calculate the greatest common divisor of 235 and 185.
5
Calculate the greatest common divisor of 60 and 78732.
12
Calculate the highest common factor of 27360 and 256.
32
What is the highest common divisor of 817 and 6593?
19
What is the greatest common factor of 31286 and 2?
2
Calculate the highest common factor of 68 and 853298.
34
What is the greatest common factor of 180 and 127520?
20
What is the highest common divisor of 4739 and 21?
7
Calculate the highest common divisor of 433303 and 52.
13
What is the highest common factor of 4 and 40372?
4
What is the highest common divisor of 30 and 155934?
6
What is the greatest common divisor of 6549 and 8319?
177
What is the greatest common factor of 69564 and 612?
204
What is the greatest common divisor of 5570761 and 49?
49
What is the greatest common divisor of 785752 and 64?
8
Calculate the greatest common factor of 74061 and 12027.
633
Calculate the greatest common divisor of 4188 and 10819.
349
What is the greatest common factor of 31194 and 234?
18
Calculate the greatest common divisor of 35264 and 6752.
32
What is the greatest common divisor of 66568 and 8?
8
What is the greatest common divisor of 71468 and 238?
34
Calculate the highest common factor of 319029 and 3088.
193
Calculate the greatest common divisor of 325 and 286125.
25
Calculate the greatest common factor of 63 and 72234.
9
Calculate the highest common factor of 17450 and 250.
50
What is the greatest common divisor of 275 and 10692?
11
What is the greatest common factor of 1791 and 9552?
597
Calculate the greatest common divisor of 8050677 and 141.
141
Calculate the greatest common divisor of 1514160 and 176.
16
Calculate the greatest common factor of 2040 and 264928.
136
What is the highest common divisor of 5006 and 9?
1
What is the highest common factor of 522 and 3176?
2
What is the greatest common factor of 3336 and 7089?
417
Calculate the highest common divisor of 3472 and 14280.
56
What is the highest common factor of 159516 and 135?
27
Calculate the greatest common divisor of 980690 and 2248.
562
Calculate the greatest common divisor of 1083776 and 512.
128
What is the highest common divisor of 2503 and 2?
1
Calculate the highest common divisor of 248 and 92504.
248
What is the greatest common divisor of 160 and 130?
10
What is the greatest common factor of 603520 and 480?
160
What is the highest common factor of 50176 and 4508?
196
What is the highest common factor of 37625 and 4816?
301
Calculate the highest common factor of 263 and 16101386.
263
Calculate the highest common factor of 31880 and 120.
40
What is the highest common divisor